 2*j + 20, 4*j = o*j + 16. What are the prime factors of p?
2, 7
Let a = 1375 - 593. List the prime factors of a.
2, 17, 23
Let f be (26/(-4))/((-3)/(-4))*-36. Suppose -3*x + 2*d + f = 0, 4*x + 4*d = 5*d + 411. What are the prime factors of x?
2, 3, 17
Suppose 0 = -3*b - 4*b. Suppose b = -5*k - 0*k + 5*h + 315, -k = 5*h - 93. What are the prime factors of k?
2, 17
Let c = -80 + 20. Let u = c + 79. List the prime factors of u.
19
Let m(o) = -2*o - 11. Let v be m(-7). Suppose 2*f + 4*x = 136 - 14, -344 = -5*f + v*x. List the prime factors of f.
67
Suppose q = c - 4*c + 209, 3*q = 4*c - 257. Suppose 5*w - m - 242 = m, -5*w + 237 = 3*m. Let l = c - w. What are the prime factors of l?
2, 5
Suppose 3*r + 411 = 3*z, z = 5*z + 3*r - 569. What are the prime factors of z?
2, 5, 7
Suppose 5*t = 5*j + 25, 2*j - 6 = 4*j. What are the prime factors of 105 - ((t - 4)/1 - -3)?
2, 13
Let s = -46 + 43. Let x(n) = -2*n**3 - 2*n**2 - 8*n + 8. Let y(r) = 2*r**3 + 2*r**2 + 9*r - 9. Let w(l) = 6*x(l) + 5*y(l). List the prime factors of w(s).
2, 3
Let v(p) be the second derivative of -p**5/20 + 5*p**4/12 + p**3 + 2*p**2 + 11*p. Let t = 5 + 0. List the prime factors of v(t).
2, 17
What are the prime factors of ((-510)/40)/((18/152)/(-9))?
3, 17, 19
List the prime factors of (211/4)/(3*4/816).
17, 211
Suppose 4*z + 15 = 7*z. Suppose -3*x - 340 = -z*u, 4*x = 2*u - 29 - 121. What are the prime factors of u?
5, 13
Let h(i) = -46*i**3 - 8*i**2 - 22*i + 4. What are the prime factors of h(-4)?
2, 727
Suppose 4*k = -5*v + 17833, -9*v + 3566 = -8*v + k. List the prime factors of v.
43, 83
Let g(y) = -43*y + 82. List the prime factors of g(-19).
29, 31
Suppose 10 = -g + 12, i + 2*g - 136 = 0. What are the prime factors of i?
2, 3, 11
Let s(f) = -25*f + 132. What are the prime factors of s(-39)?
3, 41
Suppose -10*f + 1145 = -2195. What are the prime factors of f?
2, 167
Suppose -4*k + 216 = -4*o, -4*k + 0*o = -3*o - 212. Let d = 94 - k. List the prime factors of d.
2, 11
Let f(b) = 3*b - 7*b - 4*b - 15. List the prime factors of f(-10).
5, 13
Suppose -4*b + 549 = 3*v, -19*b + 22*b = 2*v + 416. List the prime factors of b.
2, 3, 23
Suppose 0 = -5*v - 3*t + 15351, 10272 = 5*v + t - 5085. What are the prime factors of v?
2, 3
Suppose 35*b = 3*b + 155104. What are the prime factors of b?
37, 131
Let d(b) = 12*b**2 + 3*b + 6. Suppose -12 = 5*f - 2. What are the prime factors of d(f)?
2, 3
Let k be 18/4*12/18. Let g be (k - 6 - 3) + -1. What are the prime factors of (-605)/(-35) + 2/g?
17
Let a(t) = t**2 - t - 3. Suppose r - 5*n = 28, -n - 3 = -2*r + 8. Let j be a(r). Suppose -j*c = -122 + 2. What are the prime factors of c?
2, 5
Let d be 15/(-2)*12/(-9). What are the prime factors of 708/d - 2/(-10)?
71
Suppose -20*g = -50*g + 96630. List the prime factors of g.
3221
Let y = 618 - 388. What are the prime factors of y?
2, 5, 23
Suppose 157*q - 149*q = 5264. What are the prime factors of q?
2, 7, 47
Suppose -5*n - 295 = -2665. What are the prime factors of n?
2, 3, 79
List the prime factors of 27762/70 + (-2)/(-20)*4.
397
Let u = 365 - 365. Let w(s) = s**2 - 3*s**2 + 3*s**2 + 65. What are the prime factors of w(u)?
5, 13
Suppose 5*m - 1 = 19. Suppose m*z + 10 + 18 = -4*r, 4*z = 3*r - 7. What are the prime factors of r/6*0 + 34?
2, 17
Let z = -19 - 94. Let c = 214 + z. Let h = c + -61. What are the prime factors of h?
2, 5
Let d = 720 - 48. List the prime factors of d.
2, 3, 7
Let k(z) = -5*z**3 - 2*z**2 - z + 2. Let x be k(1). Let f(w) = 4*w**2 + 15*w + 1. List the prime factors of f(x).
5, 11
What are the prime factors of (-13)/(-65) - 14034/15*-3?
7, 401
Suppose 125 = -9*b + 395. Let h = b - 14. What are the prime factors of h?
2
Suppose 17*i + 3672 = 26*i. List the prime factors of i.
2, 3, 17
Suppose 2*q = -3*s + 801, -2*q - 2*s = -6*s - 836. List the prime factors of q.
2, 3, 17
Let c = -78 + 40. Let t = c - -80. List the prime factors of t.
2, 3, 7
Suppose y - 1017 = 4*t - 0*t, 5*t + 1014 = y. What are the prime factors of y?
3, 7
Suppose 3*k - 143 = r - 28, 3*r + k = -335. Let q = 380 + r. Suppose 4*f + 335 = 5*u, -u - 3*u = 2*f - q. What are the prime factors of u?
67
Suppose -9*q + 4*q - 25 = 0. Let z be ((-315)/1)/q + 4. Let j = z + -38. What are the prime factors of j?
29
Let d = -141 - -268. Let z = -43 + d. List the prime factors of z.
2, 3, 7
Let k = -9 + 5. Let o(m) = -m**3 - m**2 - 3*m + 3. What are the prime factors of o(k)?
3, 7
Let l be (-3)/(-36)*2 + (-115)/(-30). Suppose z = -3*d + l*z + 921, -4*d + 1196 = 4*z. What are the prime factors of d?
3, 101
Let q(m) = 24*m**2 + 11*m - 14. List the prime factors of q(4).
2, 3, 23
Let w be 3*4/(-30) - (-76)/(-10). Let q(v) = -3*v + 7. What are the prime factors of q(w)?
31
List the prime factors of (-22137)/(-33) - 14/(-77).
11, 61
Let i(q) = -6*q**2 + 8*q + 2*q**2 + 2*q**2 + q**2 - 3. Let o be i(7). Let k(x) = x**3 - 2*x**2 - 4*x - 4. What are the prime factors of k(o)?
2, 3
Suppose 0 = 10*d - 3400 - 9050. List the prime factors of d.
3, 5, 83
What are the prime factors of ((-1)/(-3))/(-2 - (-32024)/16008)?
23, 29
List the prime factors of ((-8)/6)/(6/59832*-8).
2, 3, 277
Let o = -21 - -21. Suppose 0 = 5*w - 4*u - o*u - 100, 2*u = -5*w + 100. List the prime factors of w.
2, 5
Let a be (5 - -16)/((-3)/(-12)). Suppose 0 = 4*l + 2*l - a. List the prime factors of (36/(-10))/(l/(-105)).
3
Suppose 5*r + 0*r + 4*o + 1001 = 0, -2*r = -5*o + 407. What are the prime factors of r/(-2) - 2/(-4)?
101
Suppose -2*o - 4*d = -1851 + 527, -2*d + 2666 = 4*o. What are the prime factors of o?
2, 167
Let c be 308/20 - 6/(-10). Let f be (-9)/6*c/(-6). Suppose 0 = -4*z + 2*x + x + 111, -4*x = f. List the prime factors of z.
3
Let w = -82 - -158. Suppose 4*x + 4*p - w = 0, -3*x + 45 = -5*p - 36. List the prime factors of x.
2, 11
Let q(x) = -7*x**3 - 2*x**2 - 3*x - 2. Let z be q(-1). Let t(f) = f**2 - 6*f + 15. List the prime factors of t(z).
3, 5
Let l = 4 - 0. Let a(c) = 2*c + 1. Let q(d) = -4*d - 7. Let o(f) = 6*a(f) + 2*q(f). List the prime factors of o(l).
2
Let h = -11 - -96. What are the prime factors of h?
5, 17
Suppose 2373 = 5*c + 4*k, -2*k + k = 4*c - 1894. What are the prime factors of c?
11, 43
Let d be 1*2 + -14 + 14. Suppose -3*c - d*c + 40 = 0. What are the prime factors of c?
2
Suppose -382 = 4*g - b + 375, 4*g + 4*b + 752 = 0. List the prime factors of g/(-3) - 1*(-3)/3.
2
Suppose -3*s + s - 4 = 0. Let c be ((-28)/21)/(s/3). Suppose -7*n + 10 = -c*n. List the prime factors of n.
2
List the prime factors of (-326785)/(-90) - 2/(-36).
3631
Let o be 4*(3 + (-2)/8). Suppose 0*z + f = -4*z + 59, -f = z - o. Suppose 4*i + 34 = 3*v, -v - 3*v - 2*i = -z. List the prime factors of v.
2, 3
Let d be 6 - 5*(-6)/(-15). Let n be (-4)/(-6)*(1 - -2). Suppose q = -2*u + 7, d*u - 11 = -q - n*q. What are the prime factors of u?
5
Suppose -2*r = -4*m - 166, 0 = 2*r - 6*r + 5*m + 332. Let w = -52 + r. What are the prime factors of w?
31
Suppose -3*c + 7*c = 8. Suppose c*j - 6 = 4. List the prime factors of (j + -4)*44/2.
2, 11
Suppose 0 = b + 4*g - 382, 5*b - 5*g + 383 = 6*b. What are the prime factors of b?
2, 3, 7
Suppose 6 = -5*p - 4. Let y be (p + 2/(-1))/(-2). Suppose k = -y + 11. List the prime factors of k.
3
Let w = -26 - -104. Suppose -3*t - 10 - 137 = 0. Let m = w + t. What are the prime factors of m?
29
Let s(h) be the third derivative of h**5/60 - h**4/8 + h**3 - 2*h**2 + 8*h. Let f(r) = -3*r - 3. Let z be f(-3). List the prime factors of s(z).
2, 3
Let l(i) be the third derivative of 0*i - 5/4*i**4 + 0 + 6*i**2 + 0*i**3. List the prime factors of l(-1).
2, 3, 5
Let c = -430 - -727. What are the prime factors of c?
3, 11
Let f be 1/(-2) + 161/2. Suppose -5*d + 3*k + 66 = 0, 5*d - k = f - 8. Let c = 5 + d. What are the prime factors of c?
2, 5
Let x = 11 + 256. List the prime factors of x.
3, 89
Let d = 18 - 15. Suppose 0 = -d*w, -4*j + 16 = 3*w - 7*w. Suppose j*b - 107 = -5*c, 2*b + 29 = c + 100. What are the prime factors of b?
3, 11
Let u(x) = 3*x**2 - 4*x + 49. What are the prime factors of u(-27)?
2, 293
Let r(m) = 16*m**2 + 9*m + 18. What are the prime factors of r(7)?
5, 173
Suppose 2*d = 4*d - 12. Let y(s) = -4 + 5*s - d + 2*s - 5*s. List the prime factors of y(10).
2, 5
Suppose 4524 = -25*g + 28*g. List the prime factors of 